{"id":1485,"date":"2018-04-10T10:05:00","date_gmt":"2018-04-10T13:05:00","guid":{"rendered":"http:\/\/developerschool.com.br\/edu\/?page_id=1485"},"modified":"2020-11-25T10:37:46","modified_gmt":"2020-11-25T13:37:46","slug":"curso-online-introducao-e-logica-de-programacao-com-javascript","status":"publish","type":"page","link":"http:\/\/developerschool.com.br\/edu\/curso-online-introducao-e-logica-de-programacao-com-javascript\/","title":{"rendered":"Curso Online Introdu\u00e7\u00e3o e L\u00f3gica de Programa\u00e7\u00e3o com Javascript"},"content":{"rendered":"<p><img loading=\"lazy\" decoding=\"async\" class=\"alignnone wp-image-750 size-full aligncenter\" src=\"http:\/\/developerschool.com.br\/edu\/wp-content\/uploads\/2016\/11\/logica-de-programacao.png\" alt=\"\" width=\"200\" height=\"211\" \/><\/p>\n<div class=\"su-table su-table-alternate\">\n<table>\n<tbody>\n<tr>\n<td><strong>Carga hor\u00e1ria para a conclus\u00e3o:<\/strong><\/td>\n<td>40 horas de dedica\u00e7\u00e3o<\/td>\n<\/tr>\n<tr>\n<td><strong>Videos:<\/strong><\/td>\n<td>600 minutos<\/td>\n<\/tr>\n<tr>\n<td><strong>Tipo:<\/strong><\/td>\n<td>Online<\/td>\n<\/tr>\n<tr>\n<td><strong>Valores do investimento:<\/strong><\/td>\n<td>Clique no bot\u00e3o &#8220;Compre aqui&#8221; para verificar o pre\u00e7o<\/td>\n<\/tr>\n<tr>\n<td><strong>Acesso:<\/strong><\/td>\n<td>Ao e-learning da Developer School por 1 ano (v\u00eddeos e exerc\u00edcios do curso)<\/td>\n<\/tr>\n<tr>\n<td><strong>D\u00favidas dos alunos:<\/strong><\/td>\n<td>Atrav\u00e9s do f\u00f3rum<\/td>\n<\/tr>\n<tr>\n<td><b>Certificado:<\/b><\/td>\n<td>Sim, para alunos que finalizarem todas as atividades do curso<\/td>\n<\/tr>\n<\/tbody>\n<\/table>\n<\/div>\n<p><!--\n\n\n<p style=\"text-align: center;\">[su_button url=\"https:\/\/goo.gl\/forms\/vY9C68QFH4srSCGm1\" size=\"9\"\u00a0target=\"blank\" background=\"#FF742F\"] Tenho interesse\u00a0[\/su_button]\n\n\n--><\/p>\n<p style=\"text-align: center;\"><a href=\"https:\/\/bit.ly\/DS-ILPJS\" class=\"su-button su-button-style-default\" style=\"color:#FFFFFF;background-color:#FF742F;border-color:#cc5d26;border-radius:11px\" target=\"_blank\" rel=\"noopener noreferrer\"><span style=\"color:#FFFFFF;padding:0px 28px;font-size:21px;line-height:42px;border-color:#ff9e6e;border-radius:11px;text-shadow:none\">  Compre aqui\u00a0<\/span><\/a>\n<p><!-- [su_button url=\"https:\/\/bit.ly\/DS-ILPJS\" size=\"9\"\u00a0target=\"blank\" background=\"#FF742F\"] Compre aqui\u00a0[\/su_button] [su_button url=\"https:\/\/bit.ly\/DS-ILPJS\" size=\"9\"\u00a0target=\"blank\" background=\"#FF742F\"] Compre aqui\u00a0[\/su_button] --><\/p>\n<p><b>P\u00fablico-alvo<\/b><\/p>\n<ul>\n<li>Qualquer pessoa que queira aprender a programar do zero.<\/li>\n<li>Focado em quem nunca mexeu com programa\u00e7\u00e3o e quer dar os primeiros passos nessa \u00e1rea de tecnologia.<\/li>\n<li class=\"topicosCurso-topico\">Aprenda a programar e entre no aquecido mercado de TI;<\/li>\n<li class=\"topicosCurso-topico\">Comece pela linguagem JavaScript, a linguagem mais importante da Web;<\/li>\n<li class=\"topicosCurso-topico\">Pense logicamente e estruture seus programas;<\/li>\n<li class=\"topicosCurso-topico\">Veja a sintaxe da linguagem e seus detalhes;<\/li>\n<li class=\"topicosCurso-topico\">Curso preparado com did\u00e1tica e exerc\u00edcios excepcionais, para que sua entrada na programa\u00e7\u00e3o seja perfeita.<\/li>\n<\/ul>\n<p><b>Pr\u00e9-Requisitos<\/b>:<\/p>\n<ul>\n<li>Ser usu\u00e1rios de computador.<\/li>\n<\/ul>\n<p><strong>Sobre o Curso<\/strong><\/p>\n<p>O primeiro passo para se tornar um programador com capacidade para atuar no mercado de trabalho \u00e9 aprender L\u00f3gica de Programa\u00e7\u00e3o. Conhecimentos em L\u00f3gica de Programa\u00e7\u00e3o \u00e9 o pr\u00e9-requisito fundamental para que uma pessoa consiga aprender qualquer Linguagem de Programa\u00e7\u00e3o.<\/p>\n<p>Linguagem de Programa\u00e7\u00e3o<br \/>\nQual linguagem de programa\u00e7\u00e3o escolher<br \/>\nO que \u00e9 Front-end<br \/>\nQuais tecnologias do Front-end<br \/>\nO que \u00e9 Back-end<br \/>\nQuais tecnologias do Back-end<br \/>\nO que \u00e9 um Banco de Dados<br \/>\nQuais o principais banco de dados do mercado<br \/>\nQual a diferen\u00e7a de um banco de dados SQL com um NoSQL<br \/>\nHardware para programadores<br \/>\nQual editor de c\u00f3digo escolher<br \/>\nO que \u00e9 uma IDE<br \/>\nO que eu preciso saber para desenvolver um app mobile<br \/>\nQuais tecnologias eu preciso conhecer para desenvolver um app mobile<br \/>\nComo usar um forum de tecnologia e saber fazer pergunta<br \/>\nCriar arquivos e diret\u00f3rios<br \/>\nO que \u00e9 HTML<br \/>\nA tag meta<br \/>\nO que \u00e9 CSS<br \/>\nO que \u00e9 Javascript<br \/>\nDeveloper Tools<br \/>\nMeu primeiro programa: Ol\u00e1 Mundo<br \/>\nData e Hora<br \/>\nOnde<br \/>\nTemplate HTML<br \/>\nA tag script<br \/>\nArquivos externo Javascript<br \/>\nSa\u00edda de Dados \/ Output<br \/>\nDeclara\u00e7\u00f5es \/Stataments<br \/>\nSyntaxe<br \/>\nComent\u00e1rios<br \/>\nVari\u00e1veis<br \/>\nOperadores de Atribui\u00e7\u00e3o \/ Assignment<br \/>\nFun\u00e7\u00f5es<br \/>\nEscopo de Vari\u00e1veis<br \/>\nCompara\u00e7\u00e3o e Operadores L\u00f3gicos<br \/>\nEntrada de Dados \/ Input<br \/>\nDeclara\u00e7\u00f5es Condicionais<br \/>\nSwitch<br \/>\nLoop for<br \/>\nLoop While<br \/>\nObjetos<br \/>\nNumbers<br \/>\nDates<br \/>\nArrays<br \/>\nL\u00f3gica<br \/>\nL\u00f3gica de Programa\u00e7\u00e3o<br \/>\nSequ\u00eancia L\u00f3gica<br \/>\nInstru\u00e7\u00e3o<br \/>\nAlgoritmo<br \/>\nFluxograma<br \/>\nEstrutura de dados<br \/>\nDescri\u00e7\u00e3o Narrativa<br \/>\nPseucoc\u00f3digo<br \/>\nFluxograma<br \/>\nTeste de Mesa<br \/>\nCriando um app<br \/>\nCriar um app: Sal\u00e1rio de um Funcion\u00e1rio<br \/>\nCriar um app: Pessoa maior ou menor<\/p>\n<p><strong style=\"font-size: 1.0625rem;\">Alguma pergunta? Entre em contato<\/strong><\/p>\n[contact-form to=&#8217;contato@developerschool.com.br&#8217; subject='[Contato Developer School&#8217;][contact-field label=&#8217;Nome&#8217; type=&#8217;name&#8217; required=&#8217;1&#8217;\/][contact-field label=&#8217;Email&#8217; type=&#8217;email&#8217; required=&#8217;1&#8217;\/][contact-field label=&#8217;Telefone \/ Whats&#8217; type=&#8217;text&#8217; required=&#8217;1&#8217;\/][contact-field label=&#8217;Coment\u00e1rio&#8217; type=&#8217;textarea&#8217; required=&#8217;1&#8217;\/][\/contact-form]\n","protected":false},"excerpt":{"rendered":"<p>P\u00fablico-alvo Qualquer pessoa que queira aprender a programar do zero. Focado em quem nunca mexeu com programa\u00e7\u00e3o e quer dar<\/p>\n","protected":false},"author":1,"featured_media":0,"parent":0,"menu_order":0,"comment_status":"closed","ping_status":"closed","template":"","meta":{"footnotes":""},"class_list":["post-1485","page","type-page","status-publish","hentry"],"_links":{"self":[{"href":"http:\/\/developerschool.com.br\/edu\/wp-json\/wp\/v2\/pages\/1485","targetHints":{"allow":["GET"]}}],"collection":[{"href":"http:\/\/developerschool.com.br\/edu\/wp-json\/wp\/v2\/pages"}],"about":[{"href":"http:\/\/developerschool.com.br\/edu\/wp-json\/wp\/v2\/types\/page"}],"author":[{"embeddable":true,"href":"http:\/\/developerschool.com.br\/edu\/wp-json\/wp\/v2\/users\/1"}],"replies":[{"embeddable":true,"href":"http:\/\/developerschool.com.br\/edu\/wp-json\/wp\/v2\/comments?post=1485"}],"version-history":[{"count":21,"href":"http:\/\/developerschool.com.br\/edu\/wp-json\/wp\/v2\/pages\/1485\/revisions"}],"predecessor-version":[{"id":2748,"href":"http:\/\/developerschool.com.br\/edu\/wp-json\/wp\/v2\/pages\/1485\/revisions\/2748"}],"wp:attachment":[{"href":"http:\/\/developerschool.com.br\/edu\/wp-json\/wp\/v2\/media?parent=1485"}],"curies":[{"name":"wp","href":"https:\/\/api.w.org\/{rel}","templated":true}]}}